{"id":70,"date":"2014-08-20T14:02:30","date_gmt":"2014-08-20T13:02:30","guid":{"rendered":"http:\/\/www.touslandartistes.fr\/?page_id=70"},"modified":"2016-06-03T09:18:08","modified_gmt":"2016-06-03T08:18:08","slug":"seminaires","status":"publish","type":"page","link":"http:\/\/www.touslandartistes.fr\/?page_id=70","title":{"rendered":"S\u00e9minaires et Team Building"},"content":{"rendered":"<blockquote><p><em><strong>On peut en savoir plus sur quelqu&rsquo;un en une heure de jeu qu&rsquo;en une ann\u00e9e de conversation.<\/strong><\/em><\/p>\n<p><em><strong>Platon<\/strong><\/em><\/p><\/blockquote>\n<p><strong>Les s\u00e9minaires<\/strong><\/p>\n<p>Si la fonction premi\u00e8re d\u2019un s\u00e9minaire d\u2019entreprise est de r\u00e9unir tous les collaborateurs pour fixer de nouveaux objectifs, f\u00e9liciter ou r\u00e9compenser les collaborateurs, il peut \u00e9galement prendre des formes plus ludiques.<\/p>\n<p>Offrir un atelier de Land Art apportera sans aucun doute \u00e0 chacun <strong>d\u00e9tente, plaisir et \u00e9changes conviviaux entre les collaborateurs<\/strong>, dans un autre contexte que le cadre habituel de travail.<\/p>\n<p><strong>\u00a0<\/strong><\/p>\n<p><strong>Le Team Building<\/strong><\/p>\n<p>Les diff\u00e9rentes activit\u00e9s du s\u00e9minaire peuvent avoir un but : cr\u00e9er un esprit d\u2019\u00e9quipe, une coh\u00e9sion, une synergie autour d\u2019exp\u00e9riences et d\u2019objectifs communs.<\/p>\n<p>L\u2019atelier de Land Art est alors tr\u00e8s propice au d\u00e9veloppement des valeurs de l&rsquo;entreprise : <strong>\u00e9change, respect, ouverture \u00e0 l\u2019autre, int\u00e9grit\u00e9, efficacit\u00e9 collective, synergie&#8230;<\/strong><\/p>\n<p>La pratique du Land Art permet de <strong>faire connaissance avec des c\u00f4t\u00e9s de la personnalit\u00e9<\/strong> dans un contexte d\u2019<strong>expression non oral<\/strong>. Elle <strong>favorise l\u2019\u00e9vacuation du stress<\/strong> par des moments d\u2019\u00e9vasion tout en <strong>cristallisant la coh\u00e9sion entre les individus<\/strong>.<\/p>\n<p>Tous Land Artistes construit l\u2019atelier qui vous convient, en fonction de vos besoins\u00a0:<\/p>\n<ul>\n<li><strong>D\u00e9tente, \u00e9vacuation du stress\u00a0;<\/strong><\/li>\n<li><strong>Int\u00e9gration des nouveaux arrivants\u00a0;<\/strong><\/li>\n<li><strong>Connaissance de l\u2019autre et des ses besoins, coh\u00e9sion d\u2019\u00e9quipe\u00a0;<\/strong><\/li>\n<li><strong>Motivation, d\u00e9veloppement de la cr\u00e9ativit\u00e9\u2026<\/strong><\/li>\n<\/ul>\n<p>La m\u00e9diatrice artistique propose diff\u00e9rentes approches du Land Art en fonction des objectifs vis\u00e9s, sous forme de challenges et de cr\u00e9ation par \u00e9quipes.<\/p>\n<p>&nbsp;<\/p>\n<p><a href=\"http:\/\/www.touslandartistes.fr\/wp-content\/uploads\/2014\/08\/IMG_7236_retouche_new.jpg\"><img decoding=\"async\" loading=\"lazy\" class=\"alignnone size-medium wp-image-374\" src=\"http:\/\/www.touslandartistes.fr\/wp-content\/uploads\/2014\/08\/IMG_7236_retouche_new-300x200.jpg\" alt=\"IMG_7236_retouche_new\" width=\"300\" height=\"200\" srcset=\"http:\/\/www.touslandartistes.fr\/wp-content\/uploads\/2014\/08\/IMG_7236_retouche_new-300x200.jpg 300w, http:\/\/www.touslandartistes.fr\/wp-content\/uploads\/2014\/08\/IMG_7236_retouche_new-150x100.jpg 150w, http:\/\/www.touslandartistes.fr\/wp-content\/uploads\/2014\/08\/IMG_7236_retouche_new.jpg 600w\" sizes=\"(max-width: 300px) 100vw, 300px\" \/><\/a>\u00a0<a href=\"http:\/\/www.touslandartistes.fr\/wp-content\/uploads\/2014\/08\/IMG_7237_retouche_new.jpg\"><img decoding=\"async\" loading=\"lazy\" class=\"alignnone size-medium wp-image-375\" src=\"http:\/\/www.touslandartistes.fr\/wp-content\/uploads\/2014\/08\/IMG_7237_retouche_new-300x200.jpg\" alt=\"IMG_7237_retouche_new\" width=\"300\" height=\"200\" srcset=\"http:\/\/www.touslandartistes.fr\/wp-content\/uploads\/2014\/08\/IMG_7237_retouche_new-300x200.jpg 300w, http:\/\/www.touslandartistes.fr\/wp-content\/uploads\/2014\/08\/IMG_7237_retouche_new-150x100.jpg 150w, http:\/\/www.touslandartistes.fr\/wp-content\/uploads\/2014\/08\/IMG_7237_retouche_new.jpg 600w\" sizes=\"(max-width: 300px) 100vw, 300px\" \/><\/a><\/p>\n<p>&nbsp;<\/p>\n<p>&nbsp;<\/p>\n<p>Et pourquoi pas un atelier de Land Art <a title=\"CE et associations\" href=\"http:\/\/www.touslandartistes.fr\/?page_id=68\">\u00e0 la ferme<\/a> ou <a title=\"CE et associations\" href=\"http:\/\/www.touslandartistes.fr\/?page_id=68\">dans les vignes<\/a> ?<\/p>\n<p><strong>Pour recevoir votre devis personnalis\u00e9, contactez-nous !<\/strong><\/p>\n","protected":false},"excerpt":{"rendered":"<p>On peut en savoir plus sur quelqu&rsquo;un en une heure de jeu qu&rsquo;en une ann\u00e9e de conversation. Platon Les s\u00e9minaires Si la fonction premi\u00e8re d\u2019un s\u00e9minaire d\u2019entreprise est de r\u00e9unir tous les collaborateurs pour fixer de nouveaux objectifs, f\u00e9liciter ou r\u00e9compenser les collaborateurs, il peut \u00e9galement prendre des formes plus ludiques. Offrir un atelier de [&hellip;]<\/p>\n","protected":false},"author":1,"featured_media":0,"parent":0,"menu_order":0,"comment_status":"closed","ping_status":"closed","template":"","meta":[],"_links":{"self":[{"href":"http:\/\/www.touslandartistes.fr\/index.php?rest_route=\/wp\/v2\/pages\/70"}],"collection":[{"href":"http:\/\/www.touslandartistes.fr\/index.php?rest_route=\/wp\/v2\/pages"}],"about":[{"href":"http:\/\/www.touslandartistes.fr\/index.php?rest_route=\/wp\/v2\/types\/page"}],"author":[{"embeddable":true,"href":"http:\/\/www.touslandartistes.fr\/index.php?rest_route=\/wp\/v2\/users\/1"}],"replies":[{"embeddable":true,"href":"http:\/\/www.touslandartistes.fr\/index.php?rest_route=%2Fwp%2Fv2%2Fcomments&post=70"}],"version-history":[{"count":11,"href":"http:\/\/www.touslandartistes.fr\/index.php?rest_route=\/wp\/v2\/pages\/70\/revisions"}],"predecessor-version":[{"id":5619,"href":"http:\/\/www.touslandartistes.fr\/index.php?rest_route=\/wp\/v2\/pages\/70\/revisions\/5619"}],"wp:attachment":[{"href":"http:\/\/www.touslandartistes.fr\/index.php?rest_route=%2Fwp%2Fv2%2Fmedia&parent=70"}],"curies":[{"name":"wp","href":"https:\/\/api.w.org\/{rel}","templated":true}]}}